 17
Suppose 389*u - 396*u = 28. What are the prime factors of 4271/(-18)*u + 2/(-18)?
13, 73
List the prime factors of (-253927)/(-51) - (-42)/1071.
13, 383
Let k(j) = j**3 - 2*j**2 - j - 2. Let h be k(3). Let g be -1 + -1 + 17 + -17 + 6. List the prime factors of h/(g/3) - 176/(-2).
7, 13
Let t(f) = -16*f - 263. Let o be t(-17). Let p(y) = 27*y + 26. List the prime factors of p(o).
269
Let k = 31700 + -22519. List the prime factors of k.
9181
List the prime factors of (4 + 13/(-2))/((-1)/202)*11.
5, 11, 101
Let m(x) = x + 5. Let t(d) = d**3 + 9*d**2 + 6*d - 19. Let r be t(-8). Let s be m(r). What are the prime factors of s/(-4) - 43/(-2)?
3, 7
Let s(w) = 7*w**3 - 3*w**2 + 2*w - 14. Let x(m) = -m**3 + 1. Let v(i) = s(i) + 6*x(i). Let c be v(4). Let z(d) = 3*d + 18. List the prime factors of z(c).
2, 3, 11
Suppose -253*v + 64*v = -1281798. List the prime factors of v.
2, 3391
Suppose 32*t = -28*t + 50*t + 33010. What are the prime factors of t?
3301
Let i(y) = 122*y + 12. Let q(x) = 486*x + 49. Let v(f) = 22*i(f) - 6*q(f). List the prime factors of v(-2).
2, 7, 31
Suppose 4*m = -k + 6242 - 464, 0 = 5*k - 3*m - 28798. What are the prime factors of k?
2, 43, 67
Let w = -136119 + 193780. What are the prime factors of w?
23, 109
Let l = 1976 - -421. List the prime factors of l.
3, 17, 47
Let n(a) be the second derivative of a**4/12 - a**3/6 - 43*a**2/2 - 24*a. Let w be n(-6). What are the prime factors of (-25)/w + (17 - 21)?
3, 7
Suppose r + 3*j - 23336 = 0, -4*j - 5 = 3. What are the prime factors of r?
2, 11, 1061
Let n(u) = 5145*u + 12323. List the prime factors of n(14).
67, 1259
Let r = -3799 - -6879. List the prime factors of r.
2, 5, 7, 11
Suppose 4*b - 8*b - 146 = -5*d, -115 = -4*d + 5*b. Suppose d*r - 40*r + 3890 = 0. List the prime factors of r.
389
Suppose -z + 9*z - 944 = 0. Let q = -111 + z. What are the prime factors of q?
7
Suppose 15*c + 4103 = 2*b + 12*c, 8185 = 4*b + c. What are the prime factors of b?
23, 89
Let z = 887 - -12497. List the prime factors of z.
2, 7, 239
Let j = -102 + 107. Suppose -j*i = -3*i - 254. List the prime factors of i.
127
Suppose -5*j + 10576 = 3*x - 70027, -4*j - 4*x = -64476. What are the prime factors of j?
23, 701
Suppose m + m = -19*m + 110019. What are the prime factors of m?
13, 31
Suppose 22*l + 9*l = 304219 + 181706. What are the prime factors of l?
3, 5, 11, 19
Let t be (-15056)/(-10) + -1 - 12/(-30). Suppose 0 = 3*o - t - 595. What are the prime factors of o?
2, 5, 7
Let u(h) = 2 + 160*h + 731*h**2 - 187*h + 32 - 7. What are the prime factors of u(1)?
17, 43
Let f(d) = 3*d**3 - 4*d**2 - 4*d + 25. Let o be f(6). Let j = o - -416. What are the prime factors of j?
3, 307
Let q = 117169 - 74189. What are the prime factors of q?
2, 5, 7, 307
Let c = -248 - -831. Suppose 8*z + 3*z = c. List the prime factors of z.
53
Let t = -330 - -473. Let d = -75 + t. Suppose 0 = -66*g + d*g - 208. What are the prime factors of g?
2, 13
Suppose -20 = -3*n + 1. Let o(q) = -q**3 + 7*q**2 + 4*q - 10. Let h be o(n). Suppose 21*s = h*s + 102. What are the prime factors of s?
2, 17
Suppose 0 = -3*o - 5*u + 8, 3*o = -u + 5*u + 53. Let a = o + 174. List the prime factors of a.
5, 37
Suppose 46*x = -43*x - 109496 + 450099. List the prime factors of x.
43, 89
Let s(b) be the first derivative of -16 + 10*b + 1/4*b**4 + 7*b**3 - 23/2*b**2. What are the prime factors of s(-22)?
2
Let a be -3*4/(-30) + (-3024)/(-240). Let x(s) = -s - 1. Let q(c) = -c**2 + 3*c + 25. Let d(p) = -q(p) + 3*x(p). List the prime factors of d(a).
3, 7
Suppose v - 5453 = 4*o, 2*o + 2538 = 2528. What are the prime factors of v?
3, 1811
Suppose -11*g = 17*g - 549640 - 454692. What are the prime factors of g?
35869
Let v = 39 + -40. Let z be (-1539)/6*(v + -1). Suppose -3*k = -2*b + 2*k + 209, -5*b + 3*k = -z. List the prime factors of b.
2, 3, 17
Let g = 264 + 1350. Suppose 0 = -9*u + g + 276. What are the prime factors of u?
2, 3, 5, 7
Let r(q) = 56*q. Let c be r(-2). Let k be c*((-27)/6)/(-9). Let n = k + 113. List the prime factors of n.
3, 19
Let g(w) = w**2 - 3*w - 2. Let u be g(4). Suppose -u = 9*k + 16. What are the prime factors of (-2 - k/4) + 830/20?
2, 5
Let g(w) = 2*w. Let n(u) = -13*u - 31. Let y(t) = -7*t - 15. Let k(a) = -2*n(a) + 5*y(a). Let x(f) = 18*g(f) + 2*k(f). What are the prime factors of x(4)?
2, 23
Suppose -20 - 10 = -10*u. Let k be ((-2)/((-3)/u))/2. List the prime factors of 202/(-5)*k*(-1 + -4).
2, 101
Let y(a) = 24*a**2 - 76*a + 340. What are the prime factors of y(4)?
2, 3, 5, 7
What are the prime factors of (-162 - -151)/((-1902)/5679 + (-2)/(-6))?
11, 631
Suppose -5*r + 3*x + 262 = 0, 12*x - 230 = -5*r + 7*x. Suppose -r*d + 85632 = -3818. List the prime factors of d.
1789
Suppose -423796 + 72086 = -4*s - 2*b, -3*s - 3*b + 263778 = 0. List the prime factors of s.
23, 3823
Let w be (8/2 - 2*7) + 2. Let n be (w - 4)/(-1*2/28). Suppose 0 = -n*p + 170*p - 272. What are the prime factors of p?
2, 17
Suppose 44*a - 562992 = -54044. List the prime factors of a.
43, 269
Suppose 0 = 2*z - 6*y - 63284, -4*y + 36618 + 58269 = 3*z. List the prime factors of z.
7, 4519
Let c(g) = g**2 + 27*g + 20. Let u be c(-23). Let v = u + 71. List the prime factors of (-2)/(-7)*v + (-2996)/(-196).
3, 5
Let u(q) = q. Let w(v) = 79*v**3 + 2*v**2 - 9*v - 5. Let y(k) = -5*u(k) - w(k). List the prime factors of y(-1).
2, 3, 13
Let b(l) be the first derivative of 6*l**2 - 103*l + 23. What are the prime factors of b(20)?
137
Suppose 2*f = f - 1, 439 = -4*k + 5*f. Let g = -6990 + 7178. Let c = g + k. List the prime factors of c.
7, 11
Let w(b) be the first derivative of 13*b**3/2 + b**2/2 + 10*b - 7. Let j(c) be the first derivative of w(c). List the prime factors of j(2).
79
Suppose 8*z - 3*z + 35 = 0. Let j be (-21)/z*(-93)/(-9). Suppose -j - 37 = -4*y. List the prime factors of y.
17
Let w = 14797 - 6492. What are the prime factors of w?
5, 11, 151
Let s(l) = l**3 - 5*l**2 - 4*l + 9. Let f be s(6). Let x be ((f/2)/(-7))/(3/(-34)). Suppose x*q - 20*q = -150. List the prime factors of q.
2, 5
Suppose 0*c = 5*c - 24*c. Suppose c = -16*a + 27*a - 1364. What are the prime factors of a?
2, 31
Let m(z) = -z**3 + 7*z**2 + 14*z + 39. Let k be m(9). Suppose -u = 4*s - 7155, 6*s - 5*s + k*u = 1775. What are the prime factors of s?
2, 5, 179
Let v = 62 - 61. Let q be (-2*v)/(-3*4/114). Suppose -16*r = -q*r + 105. What are the prime factors of r?
5, 7
Suppose 9 = -q + 11. Suppose 5*t + q*n - n = -32, -38 = 5*t - n. Let b(m) = -11*m - 28. What are the prime factors of b(t)?
7
Suppose -4*c = 20, 5*r + 3*c - 6 = -41. Let u be -2 + 4 - (r - (-17)/(-1)). Suppose 18*v = u*v - 370. List the prime factors of v.
2, 37
Let b = 23107 + -5523. List the prime factors of b.
2, 7, 157
Let r = -3143 + 14596. List the prime factors of r.
13, 881
Suppose 4*u - h = 68668 + 2652, -89151 = -5*u + h. List the prime factors of u.
11, 1621
Let x be (7 + 198/(-27))*-90. What are the prime factors of -4 - -3*18650/x?
1861
Suppose -l - g + 128 + 189 = 0, 0 = 4*l - 2*g - 1292. Suppose 0 = 2*z + 9*r - 10*r - l, 3*r - 797 = -5*z. What are the prime factors of z?
2, 5
Let b(c) = -50*c - 252. Let w be b(-5). What are the prime factors of w/(-10) - (88312/35)/(-4)?
631
Suppose -3*k + 3*s = -9672, -2*s + 6460 = -6*k + 8*k. List the prime factors of k.
7, 461
Suppose 20*x - 253384 = 130356. List the prime factors of x.
7, 2741
Let s(k) = -4269*k**3 + 18 - 16*k**2 + 2132*k**3 + 2139*k**3 - 23*k. List the prime factors of s(12).
2, 3, 149
Let f be 14/(-4)*2490/(-7). Suppose -9*q = -6*q - f. What are the prime factors of q?
5, 83
Let q(g) = 373*g**2 - 272*g - 1681. List the prime factors of q(-6).
17, 787
Suppose 2*h = 2*v + 8000, -16018 = 6*h - 10*h - 2*v. Suppose -4 = o, 0*r + 5*r - 2*o = h. List the prime factors of r.
17, 47
Suppose 0 = -3*k + 5*f - 507 - 597, -3*k = -f + 1116. Let h = -85 - k. What are the prime factors of h?
2, 3
Suppose -4*w = b - 68, -73 = -b - 0*w + w. Suppose -a - 5*a - b = 0. What are the prime factors of 315/4 - (-9)/a?
2, 3, 13
Suppose 0 = 5*j - 2*n + 6, 9 = 4*n - n. Let z(p) = 49*p + 464. Let s be z(9). Suppose j*g - s = -5*g. List the prime factors of g.
181
Suppose -220 = -32*x - 28. Suppose -8120 = -26*c + x*c. What are the prime factors of c?
2, 7, 29
Let t = -573